(3)?
0
Suppose -25*a - 819 + 5419 = 0. Suppose 2*v - v - 4*t + 34 = 0, 27 = -v - 3*t. Let m = a - v. What is the hundreds digit of m?
2
Let u(j) be the second derivative of -j**5/20 + 3*j**4/2 - 5*j**3/6 + 53*j**2/2 - 2*j + 33. What is the hundreds digit of u(16)?
4
Let f = -21864 - -37182. What is the ten thousands digit of f?
1
Suppose 0 = 5*h + 4*m - 194007, m + 27850 = 2*h - 49732. What is the ten thousands digit of h?
3
What is the tens digit of (-10)/75*-12 + 2424373/245?
9
Suppose -204*b + 3453266 = -4159606. What is the ten thousands digit of b?
3
Let n(u) = -34*u - 8. Let h be n(-6). Let y(i) = 4*i - 76. Let b be y(19). Suppose 4*k + b*k = h. What is the tens digit of k?
4
Suppose 2*f = 2*x - x - 9278, -5*f - 9299 = -x. What is the tens digit of x?
6
Suppose 0 = 2*v + v, 4*v = 3*u - 12. Let i(z) = -2*z + 2. Let p be i(u). What is the tens digit of (-1)/(p/(-26) - 5/20)?
5
Let z be (2/(-6))/((-11)/2475). Suppose 4*x - 96 = 4*d, 0 = -3*x + 4*d + z + 2. What is the tens digit of x?
1
Let j = 1630 + 2455. What is the units digit of j?
5
Let v(g) = 7*g**2 - 19*g - 53. Let w be ((-88)/55)/(2/(-15)). What is the units digit of v(w)?
7
Suppose 3860 = l + 3*u, 0*l = l + 5*u - 3868. What is the units digit of l?
8
Suppose -h = -2*h + 1944. Suppose -h = 53*y - 55*y. What is the units digit of y?
2
Let j be (-18)/4*20/(-30). Suppose -1 = a + j*k, -4*a = -a - 3*k - 9. Suppose a*l + 265 = 7*l. What is the units digit of l?
3
Let f be (-49)/1 + (4/(-2))/2. What is the units digit of -5 - f - (-2 + 5)?
2
Suppose 0 = -4*u - 3*l - 82 + 253, 3*u + 5*l = 142. What is the tens digit of (u - -17)/((-3)/(21/(-2)))?
9
Let p be (6 - 54/6)*(-4)/6. What is the tens digit of (-13 - (-7284)/84)/(p/14)?
1
Suppose 0 = -8*j + 2*j + 36. Let o be (5/3)/(5/j). Suppose o*v - 78 = 222. What is the units digit of v?
0
What is the thousands digit of (-2 + 380)/((-5)/(-61)) + (-12)/20?
4
Let y = 25796 - 7566. What is the thousands digit of y?
8
Let q = 66 - 66. Suppose -4*g = 0, q*g = -4*z + 2*g. Suppose z = -2*f + 3*f + 3*l - 178, 3*f = 2*l + 501. What is the tens digit of f?
6
What is the units digit of (-28)/42*240756/(-8)?
3
Suppose 0 = -5*f + 5*i + 417 + 4783, 3*i = 5*f - 5204. What is the units digit of f?
2
Let n(o) = 6*o**3 - o**2 + 3*o - 87. What is the hundreds digit of n(11)?
8
Suppose 1027*y - 145673 = 1008*y. What is the thousands digit of y?
7
Suppose 5*j - 3559 = -q, 5*j - 6*q - 3535 = -q. Let v = j + -386. Suppose 14*p + v = 19*p. What is the units digit of p?
5
Suppose 0 = -4*v - 10 + 10. Suppose 2*o = 4*u - 518, 4*o + 8 - 4 = v. What is the units digit of u?
9
Suppose -6*g - 2889 = -693. Let x = -165 - g. What is the units digit of x?
1
Suppose 17*k + 7074 = 11*k. Let y = k + 1701. What is the units digit of y?
2
Suppose -7*n - 65 + 555 = 0. Suppose 4*d = u - n, u + d = 2*d + 64. What is the tens digit of u?
6
Let y(f) = -f - 24. Let m be y(4). Let a = m + 106. Suppose 174 + a = 3*q. What is the tens digit of q?
8
Let p = -2 - -6. Suppose -5*y + 2*l = -56, -4*l + 58 = p*y + l. What is the units digit of (58/(-3))/(y/(-18))?
9
Let y(k) be the third derivative of -k**6/120 - k**5/5 + 25*k**4/24 - k**3/6 - 8*k**2 + 33. Let x = -8 - 6. What is the units digit of y(x)?
1
Suppose -4*d = 13 - 25. Suppose -d*k + 3*u + 2742 = 0, 2*u + 2 = -4. What is the units digit of k?
1
Let w(r) = 11*r**2 + 3*r - 2. Let f be w(1). What is the tens digit of 4/f*(335 + -2)?
1
Suppose -4*i - 2281 = -6157. Suppose i = 11*w - 142. What is the hundreds digit of w?
1
Suppose 15 = -2*q + q + 3*d, 4*q - 3*d = -15. Suppose 3*u + t - 4*t - 3462 = q, -4*u = -3*t - 4611. What is the units digit of u?
9
Let n(m) = -337*m - 2872. What is the units digit of n(-29)?
1
Let y(p) = 27318*p - 54460*p + 2 + 27235*p. Suppose r = 4*r - 6. What is the hundreds digit of y(r)?
1
Suppose -2*k - 40 = -3*x - 7*k, -5*x + 4*k = -116. Let u be (-6*(-2)/(-8))/((-15)/x). Suppose 0 = 13*b - u*b - 506. What is the tens digit of b?
4
Suppose -a = 3*r + 1, 4*r - 9 = a - 1. Let m(k) be the second derivative of 13*k**4/4 + k**3/6 + k. What is the tens digit of m(r)?
4
Let p = -200 - -202. Suppose -2*w + 2899 = p*w - z, 3*w = z + 2174. What is the tens digit of w?
2
Let m = 462 + -167. Let g = m - -574. What is the hundreds digit of g?
8
Suppose -8*w + 853*y = 854*y - 620240, 2*y = -w + 77515. What is the units digit of w?
1
Let l = 2 - -8. Let k be ((-32)/(-30) + (-6)/9)*l. Suppose 966 = 3*i + k*i. What is the tens digit of i?
3
Let k be (54/12 + -5)*4. What is the tens digit of k + 6 + 67 - (7 + -2)?
6
Let z(x) = x**2. Let y be (-4 + 84/(-15))/((-3)/(-10)). Let s = y - -22. What is the tens digit of z(s)?
0
Let p(v) = 20*v + 48. Suppose -4*h - 13 - 39 = -4*f, -5*h = 5*f - 15. What is the tens digit of p(f)?
0
Let i = 47 + -45. Let b(x) = 41*x**2 + 10*x - 1. What is the hundreds digit of b(i)?
1
Suppose 5*d = d - 3*n + 24, -2*d - n + 12 = 0. Let o(r) be the second derivative of r**4/3 + 4*r**3/3 + 3*r**2/2 - 37*r. What is the hundreds digit of o(d)?
1
Let z be 1/(-6 - (-1115)/185). Suppose -z*f = -10*f - 22599. What is the units digit of f?
7
Suppose 6*s + 2 = 20. What is the units digit of (s/(6/(-11)))/((-107)/15622)?
3
Let s(h) = h**2 + 2*h**2 + 13*h**2 + 6*h**3 + 26*h - 7*h**3 - 48. What is the hundreds digit of s(17)?
1
Let z = -377 - -253. Suppose -4*n = -8, 440 = -5*w + n - 487. Let c = z - w. What is the units digit of c?
1
Suppose 0 = 2*j - 4 - 2, -3*j - 21 = -2*i. Suppose 0 = i*c - 93 - 282. What is the units digit of c?
5
Let z be 222/42 - 4/14. Suppose -8 = -2*y, -k + z*y + 232 = -0. Let x = k - 75. What is the units digit of x?
7
Let z = 7705 - -7777. What is the tens digit of z?
8
Let g(b) = 222*b + 909. What is the hundreds digit of g(18)?
9
Suppose 4*j + 20 = -0*u + 5*u, 3*u = 3*j + 12. Suppose -u*z + 5*z - 66 = 0. Suppose 0 = -0*a - 2*a + z. What is the units digit of a?
3
Let x be 3*6/(-27)*3378. Let u = x - -3343. What is the tens digit of u?
9
Let q(x) be the first derivative of x**3 - 15*x**2/2 + 93*x - 51. What is the units digit of q(12)?
5
Suppose -62*z - 553159 = -801253 - 830458. What is the hundreds digit of z?
3
Let l = -17584 - -32057. What is the hundreds digit of l?
4
Suppose -22 = -p - 2*t + 10, 4*t = -4*p + 136. Let g = p + 161. What is the units digit of g?
7
Suppose 6*l + 12*l = 90. Suppose h = -2*w + 487, l*w - 8*h + 3*h - 1195 = 0. What is the hundreds digit of w?
2
Let f be (-1380)/(-70) + (-4)/(-14). Let u = f - 99. Let c = u - -135. What is the tens digit of c?
5
Suppose 8*a - y - 135482 = 0, 0 = -6*a + 5*a + 4*y + 16912. What is the hundreds digit of a?
9
Let l(y) = 14*y + 7. Let r be l(-7). Let k = r + 101. Suppose 6*w - 720 = -k*w. What is the tens digit of w?
4
Let z = 193 + -174. Suppose 3*n - 17*p - 4928 = -z*p, 3*p = -n + 1638. What is the thousands digit of n?
1
Suppose -63*j + 67*j - 72696 = -3*r, 0 = -j + 2*r + 18174. What is the tens digit of j?
7
Let b = 27 - 25. Suppose 5*p + o - 27 = -o, 5*o + 5 = b*p. Suppose -3*d + p*y = -205, 0 = -3*d - 0*y - 3*y + 213. What is the units digit of d?
0
Let f = -2321 + 1068. Let s = -725 - f. What is the tens digit of s?
2
Let o = 7959 + -4832. What is the thousands digit of o?
3
Let u(y) = -25*y**2 + 24. Let h be u(7). Let g = -156 - h. What is the hundreds digit of g?
0
Suppose -6*g = -1 - 5. Let v be (-1 - 3/(-6))/g*-402. Let n = v - 100. What is the hundreds digit of n?
1
Let l = -203 - -249. What is the hundreds digit of (645 - -1) + l/23?
6
Let p be (-1 + -1)*(-202337)/122. Suppose 38*u - 37745 = -p. What is the units digit of u?
6
What is the hundreds digit of (-5184)/240*1335/(-6)?
8
Suppose 2*f + 34*b - 29*b = 27941, 4*f - b = 55959. What is the units digit of f?
8
Let i = -32 - -35. Suppose 5*x + i*s = -1383, 2*s + 830 = -0*x - 3*x. What is the tens digit of (-2)/(-3) - x/18?
1
Let q = 771 + 9369. What is the ten thousands digit of q?
1
Let s be 14*(-3 + -1)*(-24)/64. Suppose 8*g = g + s. Suppose 0 = g*t - 2*r - 491, -4*t + 2*r - r = -658. What is the hundreds digit of t?
1
Let p = 113 + -93. Let u = 24 - p. Suppose 4*a = -3*y + 734, 3*a + a + 932 = u*y. What is the tens digit of y?
3
Let z be (-3 + 0)/(3/(-21)). Suppose -5*n = 4*u - 326, 4*n - u + 0*u = 244. Let s = z + n. What is the units digit of s?
3
Let g = 8 